m(7).
-7
Let u(l) = 10*l - 410. Give u(41).
0
Let b(c) = -2*c**2 - 5*c - 4. What is b(-2)?
-2
Let o(q) = q**3 - 14*q**2 + 2*q + 11. What is o(14)?
39
Let k(d) = -2*d + 6. Calculate k(8).
-10
Let w(z) = z**2 - 6*z + 9. What is w(7)?
16
Let p(x) = 35*x - 453. Calculate p(13).
2
Let v(h) = h - 22. Give v(39).
17
Let s(h) = -9*h - 18. Determine s(-4).
18
Let k(t) = t**2 + 17*t + 9. Calculate k(-16).
-7
Let q(o) = o**3 + 6*o**2 - 8*o. What is q(-7)?
7
Let h(r) = -r**3 - r**2 + 4. Calculate h(-2).
8
Let p(x) = -x**3 + 14*x**2 + 3. What is p(14)?
3
Let n(m) = m**3 - 8*m**2 + 4*m - 5. Determine n(7).
-26
Let r(c) = -5*c - 194. Give r(-33).
-29
Let f(q) = q**3 + 9*q**2 - 2*q - 8. What is f(-9)?
10
Let q(v) = 4*v**2 + 16*v - 5. What is q(-5)?
15
Let i(q) = -q**3 - 7*q**2 + q + 12. Give i(-6).
-30
Let p(g) = 29*g + 644. Determine p(-22).
6
Let r(t) = 3*t**2 - 25*t - 3. What is r(2)?
-41
Let z(r) = r**3 - 22*r**2 + 23*r - 46. What is z(21)?
-4
Let d(k) = 9*k + 9. What is d(3)?
36
Let x(q) = -q**2 - 25*q - 102. Determine x(-20).
-2
Let z(d) = -2*d + 24. Calculate z(15).
-6
Let s(k) = 2*k**3 - 34*k**2 - 2*k + 10. Give s(17).
-24
Let d(a) = -a**3 - 42*a**2 + 89*a + 68. What is d(-44)?
24
Let v(j) = j**3 + 19*j**2 + 20*j + 29. Give v(-18).
-7
Let d(v) = -v**3 - 6*v**2 + 8*v + 7. Give d(-7).
0
Let y(z) = z**2 - 18*z + 41. Determine y(13).
-24
Let o(g) = 13*g + 1. Give o(3).
40
Let m(i) = 5*i + 86. Determine m(-16).
6
Let l(q) = q**3 - 5*q**2 - 5*q + 1. Determine l(6).
7
Let g(o) = 16*o - 5. Give g(1).
11
Let p(a) = a**3 + a**2 + a - 9. What is p(0)?
-9
Let x(f) = f**2 + 22*f - 27. Determine x(-23).
-4
Let s(f) = f**3 - 5*f**2 - 8*f - 6. Calculate s(5).
-46
Let c(o) = -7*o**3 + 2*o + 1. Give c(-1).
6
Let u(o) = -2*o**3 + o**2 + o - 2. Calculate u(3).
-44
Let q(w) = -3*w**3 + w**2 + w + 2. Calculate q(3).
-67
Let h(m) = m**2 + 9*m + 6. What is h(-7)?
-8
Let p(x) = x**2 + x + 27. Give p(0).
27
Let n(a) = 24*a + 46. What is n(-2)?
-2
Let m(l) = 5*l + 68. Determine m(-13).
3
Let i(p) = -p**3 + 18*p**2 - 18*p + 16. Calculate i(17).
-1
Let a(c) = -c**2 - 15*c - 19. Determine a(-14).
-5
Let g(n) = -19*n**2 - 1. Determine g(-1).
-20
Let y(z) = z**2 + 2*z - 1. Give y(1).
2
Let f(y) = 2*y - 14. Determine f(-8).
-30
Let y(v) = -v**2 - 8*v - 1. Determine y(-7).
6
Let d(w) = 9*w**3 + 108*w**2 + 8. Calculate d(-12).
8
Let p(v) = -v**3 + 7*v**2 - 10*v + 6. Give p(5).
6
Let y(t) = -2*t**3 - 67*t**2 + 32*t - 60. Determine y(-34).
8
Let w(b) = b**3 - 6*b**2 + 8*b - 6. Give w(4).
-6
Let v(z) = -2*z**3 - 22*z**2 - z - 24. Determine v(-11).
-13
Let r(l) = -l**2 - 13*l - 6. Determine r(-13).
-6
Let f(v) = 6*v - 60. Determine f(11).
6
Let l(s) = s - 35. What is l(0)?
-35
Let v(j) = -j - 1. Determine v(-1).
0
Let x(l) = -82*l + 168. Calculate x(2).
4
Let k(h) = 8*h + 84. Give k(-7).
28
Let r(x) = -x**2 - 6*x + 82. Give r(6).
10
Let b(u) = u**2 + 33*u + 247. Calculate b(-12).
-5
Let h(x) = -36*x - 2. Calculate h(-1).
34
Let d(i) = 42*i + 26. Calculate d(-1).
-16
Let g(o) = -o**2 + 39*o - 320. Determine g(27).
4
Let v(k) = -k**3 + k**2 + 12*k - 12. Calculate v(4).
-12
Let t(x) = 2*x**2 - 6*x - 2. Calculate t(6).
34
Let m(w) = w**2 - 16*w - 4. Calculate m(10).
-64
Let p(i) = 12*i**2 - 17*i + 2. Calculate p(1).
-3
Let i(o) = o**3 + 25*o**2 + 26*o + 57. Calculate i(-24).
9
Let q(b) = -27*b + 107. Calculate q(4).
-1
Let o(b) = -b**3 - 10*b**2 + 24*b + 8. Give o(-12).
8
Let h(u) = u + 13. Give h(-3).
10
Let i(j) = 32*j**2 + 2*j - 1. Calculate i(1).
33
Let t(y) = y**2 - 36*y + 185. What is t(6)?
5
Let t(l) = -l - 20. Give t(13).
-33
Let v(f) = 14*f - 11. Give v(-1).
-25
Let u(r) = 2*r**3 - 17*r**2 + 5*r + 19. Give u(8).
-5
Let z(d) = -13*d**2 - 79*d - 10. What is z(-6)?
-4
Let o(a) = 3*a**2 - 2*a + 8. Determine o(6).
104
Let p(v) = 57*v**3 - 2*v + 1. Give p(1).
56
Let r(j) = -j - 3. Give r(8).
-11
Let r(o) = o**2 - 18*o - 1. Determine r(18).
-1
Let h(d) = d + 47. Give h(-14).
33
Let t(x) = 31*x - 245. Calculate t(8).
3
Let c(i) = i**3 - 3*i**2 + i + 4. Calculate c(5).
59
Let t(j) = 2*j**2 - 11*j + 27. What is t(0)?
27
Let y(f) = 2*f - 1. What is y(6)?
11
Let p(q) = -q**3 - 7*q**2 - 4*q + 42. Determine p(-5).
12
Let z(o) = -o**2 - 8*o + 7. Determine z(-8).
7
Let y(g) = 2*g - 2. Calculate y(-5).
-12
Let f(h) = -h + 15. Determine f(12).
3
Let v(k) = -k**3 + 7*k**2 + 16*k + 20. What is v(9)?
2
Let f(d) = d**2 + 4*d + 3. What is f(-3)?
0
Let z(b) = -3*b + 26. Calculate z(12).
-10
Let n(w) = w**3 + 17*w**2 + 3*w + 42. Determine n(-17).
-9
Let s(b) = b**3 + 9*b**2 - 26*b - 14. Determine s(-11).
30
Let r(n) = 7*n**3 - 1. What is r(-1)?
-8
Let b(a) = 2*a**2 + 3*a + 3. Calculate b(3).
30
Let s(v) = -3*v + 5. Determine s(0).
5
Let r(d) = -2*d + 16. What is r(9)?
-2
Let b(r) = r**3 + 16*r**2 + 15*r + 30. Calculate b(-15).
30
Let b(p) = p**2 + 12*p + 15. Give b(-13).
28
Let t(x) = x**2 - 3*x - 1. Give t(2).
-3
Let z(o) = o**2 - 10*o - 5. Determine z(6).
-29
Let x(k) = -k**3 + 18*k**2 - 18*k + 10. Determine x(17).
-7
Let p(w) = 5*w - 8. What is p(16)?
72
Let g(k) = -k**3 - 7*k**2 - 6*k + 1. What is g(-6)?
1
Let f(z) = 4*z**3 + 25*z**2 + 9*z + 19. What is f(-6)?
1
Let t(m) = -m**3 - 10*m**2 - 7*m + 5. Give t(-9).
-13
Let f(v) = -21*v. Determine f(-2).
42
Let x(j) = 2*j + 4. Calculate x(1).
6
Let k(n) = -n - 4. Calculate k(1).
-5
Let k(w) = w**2 - 6*w - 7. Give k(5).
-12
Let x(t) = t**2 + 39*t + 92. Determine x(-36).
-16
Let j(n) = n**3 - 9*n**2 - 10*n + 15. Determine j(10).
15
Let o(n) = 13*n - 34. What is o(5)?
31
Let g(o) = o**3 - o**2 - 3*o - 6. Calculate g(-2).
-12
Let m(f) = -f**3 + 5*f**2 - 6*f + 10. What is m(4)?
2
Let w(i) = i**2 - 15*i - 13. Determine w(16).
3
Let l(m) = 49*m + 18. What is l(2)?
116
Let c(u) = u**3 + 14*u**2 + u + 12. Calculate c(-14).
-2
Let u(n) = 17*n. Determine u(2).
34
Let d(o) = -18*o - 9. Give d(3).
-63
Let r(m) = m**3 - 19*m**2 - 20*m - 21. Determine r(20).
-21
Let c(l) = -l**2 + 5*l + 8. Determine c(6).
2
Let k(v) = -v**2 + 39*v - 66. Calculate k(37).
8
Let u(g) = 4*g**2 + 4*g + 10. Determine u(-2).
18
Let i(f) = -f**2 + 4*f + 62. Calculate i(-6).
2
Let a(l) = -l**2 - 9*l - 6. Give a(-9).
-6
Let f(c) = 6*c - 3. Determine f(6).
33
Let q(z) = 20*z**3 + 1. What is q(1)?
21
Let x(b) = b + 8. Calculate x(32).
40
Let q(w) = w**2 + w. Give q(-5).
20
Let c(a) = a**2 - 30*a - 354. Calculate c(-9).
-3
Let s(n) = n**2 - 16*n + 32. What is s(15)?
17
Let b(h) = h**3 - 14*h**2 - h + 22. Calculate b(14).
8
Let m(l) = l**3 - l**2 + l + 10. Calculate m(0).
10
Let k(w) = -w + 3. Determine k(-3).
6
Let j(t) = -t**3 - 3*t**2 + 4*t + 1. Calculate j(-3).
-11
Let i(h) = -h**3 + 13*h**2 - 13*h + 7. What is i(12)?
-5
Let g(j) = j**2 + 11*j + 6. What is g(-10)?
-4
Let i(n) = -4*n + 1. Give i(2).
-7
Let b(p) = 7*p**2 + 6*p + 7. What is b(4)?
143
Let y(l) = -5*l - 2. What is y(-11)?
53
Let g(f) = -f**3 - 10*f**2 - 13*f - 1. Give g(-8).
-25
Let x(v) = v**2 + 21*v + 103. Determine x(-13).
-1
Let o(x) = -x**3 - 9*x**2 - 3*x - 1. Give o(-8).
-41
Let q(n) = n**2 - 6*n - 12. Calculate q(-8).
100
Let l(n) = -n**2 + 4*n. What is l(8)?
-32
Let a(z) = z**2 - 11*z - 3. Calculate a(5).
-33
Let b(l) = -l**3 - 10*l**2 - 6*l. Calculate b(-9).
-27
Let g(j) = -5*j - 3. Determine g(-3).
12
Let h(r) = -5*r**2 + 1. Give h(3).
-44
Let w(r) = -6*r + 38. What is w(13)?
-40
Let k(v) = 7*v + 20. Determine k(-5).
-15
Let u(g) = 11*g + 1. What is u(1)?
12
Let f(d) = -d - 10. What is f(-3)?
-7
Let k(j) = -2*j**3 + 8*j + 4. What is k(-4)?
100
Let y(q) = -q**2 - 14*q. Calculate y(-15).
-15
Let x(o) = 5*o + 10. Calculate x(-4).
-10
Let h(r) = r + 1. Determine h(1).
2
Let h(m) = -m**3 + 10*m**2 - 6*m + 4. Determine h(9).
31
Let x(y) = -y**3 + 4*y**2 - 9. Determine x(3).
0
Let s(c) = -c**2 + 13*c - 49. Determine s(8).
-9
Let f(n) = -5*n - 52. Give f(-15).
23
Let n(d) = -d**2 - 8*d + 18. What is n(-10)?
-2
Let q(u) = u**3 - 10*u**2 + 8*u + 18. Calculate q(9).
9
Let w(h) = 3*h - 2. Determine w(1).
1
Let j(t) = -t + 8. What is j(13)?
-5
Let i(x) = -4*x - 4. Determine i(0).
-4
Let z(s) = s**3 - 40. Determine z(0).
-40
Let y(x) = -x**2 - 16*x + 15. Give y(-17).
-2
Let u(m) = 3*m - 6. Determine u(23).
63
Let i(z) = 3*z**2 - 46*z - 155. Determine i(-3).
10
Let d(v) = -v**2 + 47*v - 278. Give d(40).
2
Let q(y) = y**2 - 11*y + 14. Give 